{"id":2815,"date":"2022-06-08T14:00:32","date_gmt":"2022-06-08T18:00:32","guid":{"rendered":"https:\/\/presenceautochtone.ca\/terres-en-vues\/mission-de-lorganisme\/"},"modified":"2025-10-14T15:58:46","modified_gmt":"2025-10-14T19:58:46","slug":"mission-de-lorganisme","status":"publish","type":"page","link":"https:\/\/presenceautochtone.ca\/archives\/2025\/terres-en-vues\/mission-de-lorganisme\/","title":{"rendered":"Mission de l&rsquo;organisme"},"content":{"rendered":"","protected":false},"excerpt":{"rendered":"","protected":false},"author":1,"featured_media":0,"parent":2814,"menu_order":15,"comment_status":"closed","ping_status":"closed","template":"templates\/mission-template.php","meta":{"_acf_changed":false,"footnotes":""},"class_list":["post-2815","page","type-page","status-publish","hentry"],"acf":[],"yoast_head":"<!-- This site is optimized with the Yoast SEO plugin v27.3 - https:\/\/yoast.com\/product\/yoast-seo-wordpress\/ -->\n<title>Mission de l&#039;organisme - Pr\u00e9sence Autochtone<\/title>\n<meta name=\"description\" content=\"TERRES EN VUES est le ma\u00eetre d\u2019\u0153uvre du festival Pr\u00e9sence autochtone, manifestation culturelle et artistique multidisciplinaire qui fait de Montr\u00e9al, pendant dix jours en ao\u00fbt, le chef-lieu de la cr\u00e9ativit\u00e9 indig\u00e8ne des trois Am\u00e9riques.\" \/>\n<meta name=\"robots\" content=\"noindex, follow, max-snippet:-1, max-image-preview:large, max-video-preview:-1\" \/>\n<meta property=\"og:locale\" content=\"fr_FR\" \/>\n<meta property=\"og:type\" content=\"article\" \/>\n<meta property=\"og:title\" content=\"Mission de l&#039;organisme - Pr\u00e9sence Autochtone\" \/>\n<meta property=\"og:description\" content=\"TERRES EN VUES est le ma\u00eetre d\u2019\u0153uvre du festival Pr\u00e9sence autochtone, manifestation culturelle et artistique multidisciplinaire qui fait de Montr\u00e9al, pendant dix jours en ao\u00fbt, le chef-lieu de la cr\u00e9ativit\u00e9 indig\u00e8ne des trois Am\u00e9riques.\" \/>\n<meta property=\"og:url\" content=\"https:\/\/presenceautochtone.ca\/archives\/2025\/terres-en-vues\/mission-de-lorganisme\/\" \/>\n<meta property=\"og:site_name\" content=\"Pr\u00e9sence Autochtone\" \/>\n<meta property=\"article:modified_time\" content=\"2025-10-14T19:58:46+00:00\" \/>\n<meta name=\"twitter:card\" content=\"summary_large_image\" \/>\n<meta name=\"twitter:label1\" content=\"Dur\u00e9e de lecture estim\u00e9e\" \/>\n\t<meta name=\"twitter:data1\" content=\"6 minutes\" \/>\n<script type=\"application\/ld+json\" class=\"yoast-schema-graph\">{\"@context\":\"https:\\\/\\\/schema.org\",\"@graph\":[{\"@type\":\"WebPage\",\"@id\":\"https:\\\/\\\/presenceautochtone.ca\\\/archives\\\/2025\\\/terres-en-vues\\\/mission-de-lorganisme\\\/\",\"url\":\"https:\\\/\\\/presenceautochtone.ca\\\/archives\\\/2025\\\/terres-en-vues\\\/mission-de-lorganisme\\\/\",\"name\":\"Mission de l'organisme - Pr\u00e9sence Autochtone\",\"isPartOf\":{\"@id\":\"https:\\\/\\\/presenceautochtone.ca\\\/archives\\\/2025\\\/#website\"},\"datePublished\":\"2022-06-08T18:00:32+00:00\",\"dateModified\":\"2025-10-14T19:58:46+00:00\",\"description\":\"TERRES EN VUES est le ma\u00eetre d\u2019\u0153uvre du festival Pr\u00e9sence autochtone, manifestation culturelle et artistique multidisciplinaire qui fait de Montr\u00e9al, pendant dix jours en ao\u00fbt, le chef-lieu de la cr\u00e9ativit\u00e9 indig\u00e8ne des trois Am\u00e9riques.\",\"breadcrumb\":{\"@id\":\"https:\\\/\\\/presenceautochtone.ca\\\/archives\\\/2025\\\/terres-en-vues\\\/mission-de-lorganisme\\\/#breadcrumb\"},\"inLanguage\":\"fr-FR\",\"potentialAction\":[{\"@type\":\"ReadAction\",\"target\":[\"https:\\\/\\\/presenceautochtone.ca\\\/archives\\\/2025\\\/terres-en-vues\\\/mission-de-lorganisme\\\/\"]}]},{\"@type\":\"BreadcrumbList\",\"@id\":\"https:\\\/\\\/presenceautochtone.ca\\\/archives\\\/2025\\\/terres-en-vues\\\/mission-de-lorganisme\\\/#breadcrumb\",\"itemListElement\":[{\"@type\":\"ListItem\",\"position\":1,\"name\":\"Home\",\"item\":\"https:\\\/\\\/presenceautochtone.ca\\\/archives\\\/2025\\\/\"},{\"@type\":\"ListItem\",\"position\":2,\"name\":\"Terres en vues\",\"item\":\"https:\\\/\\\/presenceautochtone.ca\\\/archives\\\/2025\\\/terres-en-vues\\\/\"},{\"@type\":\"ListItem\",\"position\":3,\"name\":\"Mission de l&rsquo;organisme\"}]},{\"@type\":\"WebSite\",\"@id\":\"https:\\\/\\\/presenceautochtone.ca\\\/archives\\\/2025\\\/#website\",\"url\":\"https:\\\/\\\/presenceautochtone.ca\\\/archives\\\/2025\\\/\",\"name\":\"Pr\u00e9sence Autochtone\",\"description\":\"\",\"potentialAction\":[{\"@type\":\"SearchAction\",\"target\":{\"@type\":\"EntryPoint\",\"urlTemplate\":\"https:\\\/\\\/presenceautochtone.ca\\\/archives\\\/2025\\\/?s={search_term_string}\"},\"query-input\":{\"@type\":\"PropertyValueSpecification\",\"valueRequired\":true,\"valueName\":\"search_term_string\"}}],\"inLanguage\":\"fr-FR\"}]}<\/script>\n<!-- \/ Yoast SEO plugin. -->","yoast_head_json":{"title":"Mission de l'organisme - Pr\u00e9sence Autochtone","description":"TERRES EN VUES est le ma\u00eetre d\u2019\u0153uvre du festival Pr\u00e9sence autochtone, manifestation culturelle et artistique multidisciplinaire qui fait de Montr\u00e9al, pendant dix jours en ao\u00fbt, le chef-lieu de la cr\u00e9ativit\u00e9 indig\u00e8ne des trois Am\u00e9riques.","robots":{"index":"noindex","follow":"follow","max-snippet":"max-snippet:-1","max-image-preview":"max-image-preview:large","max-video-preview":"max-video-preview:-1"},"og_locale":"fr_FR","og_type":"article","og_title":"Mission de l'organisme - Pr\u00e9sence Autochtone","og_description":"TERRES EN VUES est le ma\u00eetre d\u2019\u0153uvre du festival Pr\u00e9sence autochtone, manifestation culturelle et artistique multidisciplinaire qui fait de Montr\u00e9al, pendant dix jours en ao\u00fbt, le chef-lieu de la cr\u00e9ativit\u00e9 indig\u00e8ne des trois Am\u00e9riques.","og_url":"https:\/\/presenceautochtone.ca\/archives\/2025\/terres-en-vues\/mission-de-lorganisme\/","og_site_name":"Pr\u00e9sence Autochtone","article_modified_time":"2025-10-14T19:58:46+00:00","twitter_card":"summary_large_image","twitter_misc":{"Dur\u00e9e de lecture estim\u00e9e":"6 minutes"},"schema":{"@context":"https:\/\/schema.org","@graph":[{"@type":"WebPage","@id":"https:\/\/presenceautochtone.ca\/archives\/2025\/terres-en-vues\/mission-de-lorganisme\/","url":"https:\/\/presenceautochtone.ca\/archives\/2025\/terres-en-vues\/mission-de-lorganisme\/","name":"Mission de l'organisme - Pr\u00e9sence Autochtone","isPartOf":{"@id":"https:\/\/presenceautochtone.ca\/archives\/2025\/#website"},"datePublished":"2022-06-08T18:00:32+00:00","dateModified":"2025-10-14T19:58:46+00:00","description":"TERRES EN VUES est le ma\u00eetre d\u2019\u0153uvre du festival Pr\u00e9sence autochtone, manifestation culturelle et artistique multidisciplinaire qui fait de Montr\u00e9al, pendant dix jours en ao\u00fbt, le chef-lieu de la cr\u00e9ativit\u00e9 indig\u00e8ne des trois Am\u00e9riques.","breadcrumb":{"@id":"https:\/\/presenceautochtone.ca\/archives\/2025\/terres-en-vues\/mission-de-lorganisme\/#breadcrumb"},"inLanguage":"fr-FR","potentialAction":[{"@type":"ReadAction","target":["https:\/\/presenceautochtone.ca\/archives\/2025\/terres-en-vues\/mission-de-lorganisme\/"]}]},{"@type":"BreadcrumbList","@id":"https:\/\/presenceautochtone.ca\/archives\/2025\/terres-en-vues\/mission-de-lorganisme\/#breadcrumb","itemListElement":[{"@type":"ListItem","position":1,"name":"Home","item":"https:\/\/presenceautochtone.ca\/archives\/2025\/"},{"@type":"ListItem","position":2,"name":"Terres en vues","item":"https:\/\/presenceautochtone.ca\/archives\/2025\/terres-en-vues\/"},{"@type":"ListItem","position":3,"name":"Mission de l&rsquo;organisme"}]},{"@type":"WebSite","@id":"https:\/\/presenceautochtone.ca\/archives\/2025\/#website","url":"https:\/\/presenceautochtone.ca\/archives\/2025\/","name":"Pr\u00e9sence Autochtone","description":"","potentialAction":[{"@type":"SearchAction","target":{"@type":"EntryPoint","urlTemplate":"https:\/\/presenceautochtone.ca\/archives\/2025\/?s={search_term_string}"},"query-input":{"@type":"PropertyValueSpecification","valueRequired":true,"valueName":"search_term_string"}}],"inLanguage":"fr-FR"}]}},"_links":{"self":[{"href":"https:\/\/presenceautochtone.ca\/archives\/2025\/wp-json\/wp\/v2\/pages\/2815","targetHints":{"allow":["GET"]}}],"collection":[{"href":"https:\/\/presenceautochtone.ca\/archives\/2025\/wp-json\/wp\/v2\/pages"}],"about":[{"href":"https:\/\/presenceautochtone.ca\/archives\/2025\/wp-json\/wp\/v2\/types\/page"}],"author":[{"embeddable":true,"href":"https:\/\/presenceautochtone.ca\/archives\/2025\/wp-json\/wp\/v2\/users\/1"}],"replies":[{"embeddable":true,"href":"https:\/\/presenceautochtone.ca\/archives\/2025\/wp-json\/wp\/v2\/comments?post=2815"}],"version-history":[{"count":5,"href":"https:\/\/presenceautochtone.ca\/archives\/2025\/wp-json\/wp\/v2\/pages\/2815\/revisions"}],"predecessor-version":[{"id":14758,"href":"https:\/\/presenceautochtone.ca\/archives\/2025\/wp-json\/wp\/v2\/pages\/2815\/revisions\/14758"}],"up":[{"embeddable":true,"href":"https:\/\/presenceautochtone.ca\/archives\/2025\/wp-json\/wp\/v2\/pages\/2814"}],"wp:attachment":[{"href":"https:\/\/presenceautochtone.ca\/archives\/2025\/wp-json\/wp\/v2\/media?parent=2815"}],"curies":[{"name":"wp","href":"https:\/\/api.w.org\/{rel}","templated":true}]}}