{"id":11811,"date":"2025-06-11T18:00:42","date_gmt":"2025-06-11T22:00:42","guid":{"rendered":"https:\/\/presenceautochtone.ca\/?page_id=11811"},"modified":"2025-07-22T18:29:35","modified_gmt":"2025-07-22T22:29:35","slug":"le-festival-2025","status":"publish","type":"page","link":"https:\/\/presenceautochtone.ca\/archives\/2025\/festival\/le-festival-2025\/","title":{"rendered":"Le festival 2025"},"content":{"rendered":"<p style=\"text-align: center;\"><img loading=\"lazy\" decoding=\"async\" class=\"aligncenter wp-image-11818\" src=\"https:\/\/presenceautochtone.ca\/archives\/2025\/wp-content\/uploads\/2025\/06\/laptop-35e-pa-presente-par-quebecor-fr-noir-1024x314.png\" alt=\"\" width=\"500\" height=\"153\" srcset=\"https:\/\/presenceautochtone.ca\/archives\/2025\/wp-content\/uploads\/2025\/06\/laptop-35e-pa-presente-par-quebecor-fr-noir-1024x314.png 1024w, https:\/\/presenceautochtone.ca\/archives\/2025\/wp-content\/uploads\/2025\/06\/laptop-35e-pa-presente-par-quebecor-fr-noir-300x92.png 300w, https:\/\/presenceautochtone.ca\/archives\/2025\/wp-content\/uploads\/2025\/06\/laptop-35e-pa-presente-par-quebecor-fr-noir-768x235.png 768w, https:\/\/presenceautochtone.ca\/archives\/2025\/wp-content\/uploads\/2025\/06\/laptop-35e-pa-presente-par-quebecor-fr-noir-1199x368.png 1199w, https:\/\/presenceautochtone.ca\/archives\/2025\/wp-content\/uploads\/2025\/06\/laptop-35e-pa-presente-par-quebecor-fr-noir-960x294.png 960w, https:\/\/presenceautochtone.ca\/archives\/2025\/wp-content\/uploads\/2025\/06\/laptop-35e-pa-presente-par-quebecor-fr-noir-640x196.png 640w, https:\/\/presenceautochtone.ca\/archives\/2025\/wp-content\/uploads\/2025\/06\/laptop-35e-pa-presente-par-quebecor-fr-noir.png 1406w\" sizes=\"auto, (max-width: 500px) 100vw, 500px\" \/><\/p>\n<h4 style=\"text-align: center;\"><strong>Un poster proph\u00e9tique<\/strong><\/h4>\n<p style=\"text-align: center;\">La figure super-h\u00e9ro\u00efque du Capitaine Assi Nukum \u2013 aussi nomm\u00e9 Captain Turtle Island \u2013 annonce le triomphe in\u00e9luctable de l\u2019esprit imm\u00e9morial qui a fa\u00e7onn\u00e9 les cultures et les civilisations des premiers peuples d\u2019Am\u00e9rique et la d\u00e9confiture prochaine des barbares Maga Lords.<\/p>\n<h4 style=\"text-align: center;\"><strong>Naissance du h\u00e9ros : le Capitaine Assi Nukum<\/strong><\/h4>\n<p style=\"text-align: center;\">Le fiel du racisme avait presque tu\u00e9 une jeune Autochtone. Mais, un jour, il eut un choc lors d\u2019une exp\u00e9rience de reconnexion avec sa culture. En d\u00e9couvrant l\u2019art autochtone contemporain, il fut irradi\u00e9 par l\u2019\u00e9nergie cr\u00e9atrice des artistes des premiers peuples.<br \/>\nDans un \u00e9tat de transe, il fut alors magiquement transport\u00e9 en Alaska dans les profondeurs du mont Denali. L\u00e0, il poursuivit sa m\u00e9tamorphose dans une grotte secr\u00e8te, un lieu de rituels anciens, dont la localisation n\u2019est connue que de quelques sages de la nation D\u00e9n\u00e9.<br \/>\nLa force mutante qui, peu \u00e0 peu, le transforme en superh\u00e9ros, il la doit \u00e0 l\u2019incroyable \u00e9nergie des femmes et des hommes des premiers peuples d\u2019Am\u00e9rique. Ceux et celles qui, dans des pratiques artistiques innovantes, maintiennent le feu de l\u2019h\u00e9ritage ancestral et \u00e9clairent de sa lueur les sentiers du futur.<\/p>\n<h4 style=\"text-align: center;\"><strong>Les monstres envahisseurs<\/strong><\/h4>\n<p style=\"text-align: center;\">Un ver mal\u00e9fique leur ayant bouff\u00e9 le cerveau, de cupides malfaiteurs se sont transform\u00e9s en Maga Lords et ont entrepris de prendre le contr\u00f4le du continent.<br \/>\nAttention : \u00e0 quoi reconna\u00eet-on un Maga Lord ? Souvent, un liquide brun\u00e2tre s\u2019exfiltre de leur bo\u00eete cr\u00e2nienne en coul\u00e9e naus\u00e9abonde ; c\u2019est l\u00e0 le r\u00e9sidu de ce qui avait \u00e9t\u00e9 autrefois un cerveau humain, qui est \u00e9ject\u00e9 par le ver destructeur de neurones.<br \/>\nVocif\u00e9rant dans leur jargon, ils font entendre une \u00e9ructation qui sonne comme \u00ab goddegunnetromp \u00bb au milieu du gargouillis de bave qui emplit leur visage haineux.<\/p>\n<h4 style=\"text-align: center;\"><strong>La bataille commence<\/strong><\/h4>\n<p style=\"text-align: center;\">Dans les profondeurs du mont Denali, que les Maga Lords ont profan\u00e9 en voulant lui donner le nom d\u2019un de leurs lointains anc\u00eatres, Capitaine Assi Nukum \u2013 aussi nomm\u00e9 Captain Turtle Island \u2013 s\u2019est \u00e9veill\u00e9.<br \/>\nCapitaine Assi Nukum pr\u00e9sidera le grand rendez-vous artistique et culturel des premiers peuples d\u2019Am\u00e9rique et du monde, le Festival international Pr\u00e9sence autochtone 2025.<br \/>\nPour une M\u00e8re-Terre o\u00f9 pr\u00e9vaudront l\u2019\u00e9galit\u00e9, la joie de vivre, le respect des \u00e9cosyst\u00e8mes, conform\u00e9ment aux traditions multis\u00e9culaires de l\u2019\u00cele \u00e0 la Tortue, la cr\u00e9ativit\u00e9 des artistes autochtones fera du trente-cinqui\u00e8me FIPA l\u2019apoth\u00e9ose du Capitaine Assi Nukum.<\/p>\n<p>&nbsp;<\/p>\n<p style=\"text-align: center;\"><img loading=\"lazy\" decoding=\"async\" src=\"https:\/\/presenceautochtone.ca\/archives\/2025\/wp-content\/uploads\/2025\/06\/Affiche-pour-site-1707x2560px-683x1024.jpg\" alt=\"\" width=\"683\" height=\"1024\" \/><\/p>\n<p style=\"text-align: center;\">Illustration: Jay Soule CHIPPEWAR \u2013 Id\u00e9e originale: Andr\u00e9 Dudemaine \u2013 Graphisme: Smartiz<\/p>\n<h2 style=\"text-align: center;\"><a href=\"https:\/\/presenceautochtone.ca\/archives\/2025\/festival\/calendrier\/\"><strong>Voir la programmation compl\u00e8te ici<\/strong><\/a><\/h2>\n","protected":false},"excerpt":{"rendered":"<p>Un poster proph\u00e9tique La figure super-h\u00e9ro\u00efque du Capitaine Assi Nukum \u2013 aussi nomm\u00e9 Captain Turtle Island \u2013 annonce le triomphe in\u00e9luctable de l\u2019esprit imm\u00e9morial qui a fa\u00e7onn\u00e9 les cultures et les civilisations des premiers peuples d\u2019Am\u00e9rique et la d\u00e9confiture prochaine des barbares Maga Lords. Naissance du h\u00e9ros : le Capitaine Assi Nukum Le fiel du [&hellip;]<\/p>\n","protected":false},"author":4,"featured_media":0,"parent":2822,"menu_order":25,"comment_status":"closed","ping_status":"closed","template":"","meta":{"_acf_changed":false,"footnotes":""},"class_list":["post-11811","page","type-page","status-publish","hentry"],"acf":[],"yoast_head":"<!-- This site is optimized with the Yoast SEO plugin v27.3 - https:\/\/yoast.com\/product\/yoast-seo-wordpress\/ -->\n<title>Le festival 2025 - Pr\u00e9sence Autochtone<\/title>\n<meta name=\"robots\" content=\"noindex, follow, max-snippet:-1, max-image-preview:large, max-video-preview:-1\" \/>\n<meta property=\"og:locale\" content=\"fr_FR\" \/>\n<meta property=\"og:type\" content=\"article\" \/>\n<meta property=\"og:title\" content=\"Le festival 2025 - Pr\u00e9sence Autochtone\" \/>\n<meta property=\"og:description\" content=\"Un poster proph\u00e9tique La figure super-h\u00e9ro\u00efque du Capitaine Assi Nukum \u2013 aussi nomm\u00e9 Captain Turtle Island \u2013 annonce le triomphe in\u00e9luctable de l\u2019esprit imm\u00e9morial qui a fa\u00e7onn\u00e9 les cultures et les civilisations des premiers peuples d\u2019Am\u00e9rique et la d\u00e9confiture prochaine des barbares Maga Lords. Naissance du h\u00e9ros : le Capitaine Assi Nukum Le fiel du [&hellip;]\" \/>\n<meta property=\"og:url\" content=\"https:\/\/presenceautochtone.ca\/archives\/2025\/festival\/le-festival-2025\/\" \/>\n<meta property=\"og:site_name\" content=\"Pr\u00e9sence Autochtone\" \/>\n<meta property=\"article:modified_time\" content=\"2025-07-22T22:29:35+00:00\" \/>\n<meta property=\"og:image\" content=\"https:\/\/presenceautochtone.ca\/archives\/2025\/wp-content\/uploads\/2025\/06\/laptop-35e-pa-presente-par-quebecor-fr-noir.png\" \/>\n\t<meta property=\"og:image:width\" content=\"1406\" \/>\n\t<meta property=\"og:image:height\" content=\"431\" \/>\n\t<meta property=\"og:image:type\" content=\"image\/png\" \/>\n<meta name=\"twitter:card\" content=\"summary_large_image\" \/>\n<meta name=\"twitter:label1\" content=\"Dur\u00e9e de lecture estim\u00e9e\" \/>\n\t<meta name=\"twitter:data1\" content=\"3 minutes\" \/>\n<script type=\"application\/ld+json\" class=\"yoast-schema-graph\">{\"@context\":\"https:\\\/\\\/schema.org\",\"@graph\":[{\"@type\":\"WebPage\",\"@id\":\"https:\\\/\\\/presenceautochtone.ca\\\/archives\\\/2025\\\/festival\\\/le-festival-2025\\\/\",\"url\":\"https:\\\/\\\/presenceautochtone.ca\\\/archives\\\/2025\\\/festival\\\/le-festival-2025\\\/\",\"name\":\"Le festival 2025 - Pr\u00e9sence Autochtone\",\"isPartOf\":{\"@id\":\"https:\\\/\\\/presenceautochtone.ca\\\/archives\\\/2025\\\/#website\"},\"primaryImageOfPage\":{\"@id\":\"https:\\\/\\\/presenceautochtone.ca\\\/archives\\\/2025\\\/festival\\\/le-festival-2025\\\/#primaryimage\"},\"image\":{\"@id\":\"https:\\\/\\\/presenceautochtone.ca\\\/archives\\\/2025\\\/festival\\\/le-festival-2025\\\/#primaryimage\"},\"thumbnailUrl\":\"https:\\\/\\\/presenceautochtone.ca\\\/archives\\\/2025\\\/wp-content\\\/uploads\\\/2025\\\/06\\\/laptop-35e-pa-presente-par-quebecor-fr-noir-1024x314.png\",\"datePublished\":\"2025-06-11T22:00:42+00:00\",\"dateModified\":\"2025-07-22T22:29:35+00:00\",\"breadcrumb\":{\"@id\":\"https:\\\/\\\/presenceautochtone.ca\\\/archives\\\/2025\\\/festival\\\/le-festival-2025\\\/#breadcrumb\"},\"inLanguage\":\"fr-FR\",\"potentialAction\":[{\"@type\":\"ReadAction\",\"target\":[\"https:\\\/\\\/presenceautochtone.ca\\\/archives\\\/2025\\\/festival\\\/le-festival-2025\\\/\"]}]},{\"@type\":\"ImageObject\",\"inLanguage\":\"fr-FR\",\"@id\":\"https:\\\/\\\/presenceautochtone.ca\\\/archives\\\/2025\\\/festival\\\/le-festival-2025\\\/#primaryimage\",\"url\":\"https:\\\/\\\/presenceautochtone.ca\\\/archives\\\/2025\\\/wp-content\\\/uploads\\\/2025\\\/06\\\/laptop-35e-pa-presente-par-quebecor-fr-noir.png\",\"contentUrl\":\"https:\\\/\\\/presenceautochtone.ca\\\/archives\\\/2025\\\/wp-content\\\/uploads\\\/2025\\\/06\\\/laptop-35e-pa-presente-par-quebecor-fr-noir.png\",\"width\":1406,\"height\":431},{\"@type\":\"BreadcrumbList\",\"@id\":\"https:\\\/\\\/presenceautochtone.ca\\\/archives\\\/2025\\\/festival\\\/le-festival-2025\\\/#breadcrumb\",\"itemListElement\":[{\"@type\":\"ListItem\",\"position\":1,\"name\":\"Home\",\"item\":\"https:\\\/\\\/presenceautochtone.ca\\\/archives\\\/2025\\\/\"},{\"@type\":\"ListItem\",\"position\":2,\"name\":\"Festival\",\"item\":\"https:\\\/\\\/presenceautochtone.ca\\\/archives\\\/2025\\\/festival\\\/\"},{\"@type\":\"ListItem\",\"position\":3,\"name\":\"Le festival 2025\"}]},{\"@type\":\"WebSite\",\"@id\":\"https:\\\/\\\/presenceautochtone.ca\\\/archives\\\/2025\\\/#website\",\"url\":\"https:\\\/\\\/presenceautochtone.ca\\\/archives\\\/2025\\\/\",\"name\":\"Pr\u00e9sence Autochtone\",\"description\":\"\",\"potentialAction\":[{\"@type\":\"SearchAction\",\"target\":{\"@type\":\"EntryPoint\",\"urlTemplate\":\"https:\\\/\\\/presenceautochtone.ca\\\/archives\\\/2025\\\/?s={search_term_string}\"},\"query-input\":{\"@type\":\"PropertyValueSpecification\",\"valueRequired\":true,\"valueName\":\"search_term_string\"}}],\"inLanguage\":\"fr-FR\"}]}<\/script>\n<!-- \/ Yoast SEO plugin. -->","yoast_head_json":{"title":"Le festival 2025 - Pr\u00e9sence Autochtone","robots":{"index":"noindex","follow":"follow","max-snippet":"max-snippet:-1","max-image-preview":"max-image-preview:large","max-video-preview":"max-video-preview:-1"},"og_locale":"fr_FR","og_type":"article","og_title":"Le festival 2025 - Pr\u00e9sence Autochtone","og_description":"Un poster proph\u00e9tique La figure super-h\u00e9ro\u00efque du Capitaine Assi Nukum \u2013 aussi nomm\u00e9 Captain Turtle Island \u2013 annonce le triomphe in\u00e9luctable de l\u2019esprit imm\u00e9morial qui a fa\u00e7onn\u00e9 les cultures et les civilisations des premiers peuples d\u2019Am\u00e9rique et la d\u00e9confiture prochaine des barbares Maga Lords. Naissance du h\u00e9ros : le Capitaine Assi Nukum Le fiel du [&hellip;]","og_url":"https:\/\/presenceautochtone.ca\/archives\/2025\/festival\/le-festival-2025\/","og_site_name":"Pr\u00e9sence Autochtone","article_modified_time":"2025-07-22T22:29:35+00:00","og_image":[{"width":1406,"height":431,"url":"https:\/\/presenceautochtone.ca\/archives\/2025\/wp-content\/uploads\/2025\/06\/laptop-35e-pa-presente-par-quebecor-fr-noir.png","type":"image\/png"}],"twitter_card":"summary_large_image","twitter_misc":{"Dur\u00e9e de lecture estim\u00e9e":"3 minutes"},"schema":{"@context":"https:\/\/schema.org","@graph":[{"@type":"WebPage","@id":"https:\/\/presenceautochtone.ca\/archives\/2025\/festival\/le-festival-2025\/","url":"https:\/\/presenceautochtone.ca\/archives\/2025\/festival\/le-festival-2025\/","name":"Le festival 2025 - Pr\u00e9sence Autochtone","isPartOf":{"@id":"https:\/\/presenceautochtone.ca\/archives\/2025\/#website"},"primaryImageOfPage":{"@id":"https:\/\/presenceautochtone.ca\/archives\/2025\/festival\/le-festival-2025\/#primaryimage"},"image":{"@id":"https:\/\/presenceautochtone.ca\/archives\/2025\/festival\/le-festival-2025\/#primaryimage"},"thumbnailUrl":"https:\/\/presenceautochtone.ca\/archives\/2025\/wp-content\/uploads\/2025\/06\/laptop-35e-pa-presente-par-quebecor-fr-noir-1024x314.png","datePublished":"2025-06-11T22:00:42+00:00","dateModified":"2025-07-22T22:29:35+00:00","breadcrumb":{"@id":"https:\/\/presenceautochtone.ca\/archives\/2025\/festival\/le-festival-2025\/#breadcrumb"},"inLanguage":"fr-FR","potentialAction":[{"@type":"ReadAction","target":["https:\/\/presenceautochtone.ca\/archives\/2025\/festival\/le-festival-2025\/"]}]},{"@type":"ImageObject","inLanguage":"fr-FR","@id":"https:\/\/presenceautochtone.ca\/archives\/2025\/festival\/le-festival-2025\/#primaryimage","url":"https:\/\/presenceautochtone.ca\/archives\/2025\/wp-content\/uploads\/2025\/06\/laptop-35e-pa-presente-par-quebecor-fr-noir.png","contentUrl":"https:\/\/presenceautochtone.ca\/archives\/2025\/wp-content\/uploads\/2025\/06\/laptop-35e-pa-presente-par-quebecor-fr-noir.png","width":1406,"height":431},{"@type":"BreadcrumbList","@id":"https:\/\/presenceautochtone.ca\/archives\/2025\/festival\/le-festival-2025\/#breadcrumb","itemListElement":[{"@type":"ListItem","position":1,"name":"Home","item":"https:\/\/presenceautochtone.ca\/archives\/2025\/"},{"@type":"ListItem","position":2,"name":"Festival","item":"https:\/\/presenceautochtone.ca\/archives\/2025\/festival\/"},{"@type":"ListItem","position":3,"name":"Le festival 2025"}]},{"@type":"WebSite","@id":"https:\/\/presenceautochtone.ca\/archives\/2025\/#website","url":"https:\/\/presenceautochtone.ca\/archives\/2025\/","name":"Pr\u00e9sence Autochtone","description":"","potentialAction":[{"@type":"SearchAction","target":{"@type":"EntryPoint","urlTemplate":"https:\/\/presenceautochtone.ca\/archives\/2025\/?s={search_term_string}"},"query-input":{"@type":"PropertyValueSpecification","valueRequired":true,"valueName":"search_term_string"}}],"inLanguage":"fr-FR"}]}},"_links":{"self":[{"href":"https:\/\/presenceautochtone.ca\/archives\/2025\/wp-json\/wp\/v2\/pages\/11811","targetHints":{"allow":["GET"]}}],"collection":[{"href":"https:\/\/presenceautochtone.ca\/archives\/2025\/wp-json\/wp\/v2\/pages"}],"about":[{"href":"https:\/\/presenceautochtone.ca\/archives\/2025\/wp-json\/wp\/v2\/types\/page"}],"author":[{"embeddable":true,"href":"https:\/\/presenceautochtone.ca\/archives\/2025\/wp-json\/wp\/v2\/users\/4"}],"replies":[{"embeddable":true,"href":"https:\/\/presenceautochtone.ca\/archives\/2025\/wp-json\/wp\/v2\/comments?post=11811"}],"version-history":[{"count":5,"href":"https:\/\/presenceautochtone.ca\/archives\/2025\/wp-json\/wp\/v2\/pages\/11811\/revisions"}],"predecessor-version":[{"id":13388,"href":"https:\/\/presenceautochtone.ca\/archives\/2025\/wp-json\/wp\/v2\/pages\/11811\/revisions\/13388"}],"up":[{"embeddable":true,"href":"https:\/\/presenceautochtone.ca\/archives\/2025\/wp-json\/wp\/v2\/pages\/2822"}],"wp:attachment":[{"href":"https:\/\/presenceautochtone.ca\/archives\/2025\/wp-json\/wp\/v2\/media?parent=11811"}],"curies":[{"name":"wp","href":"https:\/\/api.w.org\/{rel}","templated":true}]}}