{"id":3688,"date":"2022-07-25T20:36:24","date_gmt":"2022-07-26T00:36:24","guid":{"rendered":"https:\/\/presenceautochtone.ca\/?post_type=programmation&#038;p=3688"},"modified":"2022-08-05T16:09:32","modified_gmt":"2022-08-05T20:09:32","slug":"projection-a-la-rencontre-de-lhumanite-aidante","status":"publish","type":"programmation","link":"https:\/\/presenceautochtone.ca\/archives\/2022\/programmation\/projection-a-la-rencontre-de-lhumanite-aidante\/","title":{"rendered":"Projection: \u00c0 la rencontre de l&rsquo;Humanit\u00e9 Aidante"},"template":"","dates_programmation":[],"class_list":["post-3688","programmation","type-programmation","status-publish","hentry"],"acf":[],"yoast_head":"<!-- This site is optimized with the Yoast SEO plugin v27.4 - https:\/\/yoast.com\/product\/yoast-seo-wordpress\/ -->\n<title>Projection: \u00c0 la rencontre de l&#039;Humanit\u00e9 Aidante - Pr\u00e9sence Autochtone<\/title>\n<meta name=\"description\" content=\"Le Mus\u00e9e et le Festival international Pr\u00e9sence autochtone vous invite \u00e0 la projection d\u2019un entretien entre la chanteuse et com\u00e9dienne Chlo\u00e9 Sainte-Marie et la po\u00e9tesse innue, Jos\u00e9phine Bacon.\u00a0\" \/>\n<meta name=\"robots\" content=\"index, follow, max-snippet:-1, max-image-preview:large, max-video-preview:-1\" \/>\n<link rel=\"canonical\" href=\"https:\/\/presenceautochtone.ca\/archives\/2022\/programmation\/projection-a-la-rencontre-de-lhumanite-aidante\/\" \/>\n<meta property=\"og:locale\" content=\"fr_FR\" \/>\n<meta property=\"og:type\" content=\"article\" \/>\n<meta property=\"og:title\" content=\"Projection: \u00c0 la rencontre de l&#039;Humanit\u00e9 Aidante - Pr\u00e9sence Autochtone\" \/>\n<meta property=\"og:description\" content=\"Le Mus\u00e9e et le Festival international Pr\u00e9sence autochtone vous invite \u00e0 la projection d\u2019un entretien entre la chanteuse et com\u00e9dienne Chlo\u00e9 Sainte-Marie et la po\u00e9tesse innue, Jos\u00e9phine Bacon.\u00a0\" \/>\n<meta property=\"og:url\" content=\"https:\/\/presenceautochtone.ca\/archives\/2022\/programmation\/projection-a-la-rencontre-de-lhumanite-aidante\/\" \/>\n<meta property=\"og:site_name\" content=\"Pr\u00e9sence Autochtone\" \/>\n<meta property=\"article:modified_time\" content=\"2022-08-05T20:09:32+00:00\" \/>\n<meta name=\"twitter:card\" content=\"summary_large_image\" \/>\n<script type=\"application\/ld+json\" class=\"yoast-schema-graph\">{\"@context\":\"https:\\\/\\\/schema.org\",\"@graph\":[{\"@type\":\"WebPage\",\"@id\":\"https:\\\/\\\/presenceautochtone.ca\\\/archives\\\/2022\\\/programmation\\\/projection-a-la-rencontre-de-lhumanite-aidante\\\/\",\"url\":\"https:\\\/\\\/presenceautochtone.ca\\\/archives\\\/2022\\\/programmation\\\/projection-a-la-rencontre-de-lhumanite-aidante\\\/\",\"name\":\"Projection: \u00c0 la rencontre de l'Humanit\u00e9 Aidante - Pr\u00e9sence Autochtone\",\"isPartOf\":{\"@id\":\"https:\\\/\\\/presenceautochtone.ca\\\/archives\\\/2022\\\/#website\"},\"datePublished\":\"2022-07-26T00:36:24+00:00\",\"dateModified\":\"2022-08-05T20:09:32+00:00\",\"description\":\"Le Mus\u00e9e et le Festival international Pr\u00e9sence autochtone vous invite \u00e0 la projection d\u2019un entretien entre la chanteuse et com\u00e9dienne Chlo\u00e9 Sainte-Marie et la po\u00e9tesse innue, Jos\u00e9phine Bacon.\u00a0\",\"breadcrumb\":{\"@id\":\"https:\\\/\\\/presenceautochtone.ca\\\/archives\\\/2022\\\/programmation\\\/projection-a-la-rencontre-de-lhumanite-aidante\\\/#breadcrumb\"},\"inLanguage\":\"fr-FR\",\"potentialAction\":[{\"@type\":\"ReadAction\",\"target\":[\"https:\\\/\\\/presenceautochtone.ca\\\/archives\\\/2022\\\/programmation\\\/projection-a-la-rencontre-de-lhumanite-aidante\\\/\"]}]},{\"@type\":\"BreadcrumbList\",\"@id\":\"https:\\\/\\\/presenceautochtone.ca\\\/archives\\\/2022\\\/programmation\\\/projection-a-la-rencontre-de-lhumanite-aidante\\\/#breadcrumb\",\"itemListElement\":[{\"@type\":\"ListItem\",\"position\":1,\"name\":\"Home\",\"item\":\"https:\\\/\\\/presenceautochtone.ca\\\/archives\\\/2022\\\/\"},{\"@type\":\"ListItem\",\"position\":2,\"name\":\"Projection: \u00c0 la rencontre de l&rsquo;Humanit\u00e9 Aidante\"}]},{\"@type\":\"WebSite\",\"@id\":\"https:\\\/\\\/presenceautochtone.ca\\\/archives\\\/2022\\\/#website\",\"url\":\"https:\\\/\\\/presenceautochtone.ca\\\/archives\\\/2022\\\/\",\"name\":\"Pr\u00e9sence Autochtone\",\"description\":\"\",\"potentialAction\":[{\"@type\":\"SearchAction\",\"target\":{\"@type\":\"EntryPoint\",\"urlTemplate\":\"https:\\\/\\\/presenceautochtone.ca\\\/archives\\\/2022\\\/?s={search_term_string}\"},\"query-input\":{\"@type\":\"PropertyValueSpecification\",\"valueRequired\":true,\"valueName\":\"search_term_string\"}}],\"inLanguage\":\"fr-FR\"}]}<\/script>\n<!-- \/ Yoast SEO plugin. -->","yoast_head_json":{"title":"Projection: \u00c0 la rencontre de l'Humanit\u00e9 Aidante - Pr\u00e9sence Autochtone","description":"Le Mus\u00e9e et le Festival international Pr\u00e9sence autochtone vous invite \u00e0 la projection d\u2019un entretien entre la chanteuse et com\u00e9dienne Chlo\u00e9 Sainte-Marie et la po\u00e9tesse innue, Jos\u00e9phine Bacon.\u00a0","robots":{"index":"index","follow":"follow","max-snippet":"max-snippet:-1","max-image-preview":"max-image-preview:large","max-video-preview":"max-video-preview:-1"},"canonical":"https:\/\/presenceautochtone.ca\/archives\/2022\/programmation\/projection-a-la-rencontre-de-lhumanite-aidante\/","og_locale":"fr_FR","og_type":"article","og_title":"Projection: \u00c0 la rencontre de l'Humanit\u00e9 Aidante - Pr\u00e9sence Autochtone","og_description":"Le Mus\u00e9e et le Festival international Pr\u00e9sence autochtone vous invite \u00e0 la projection d\u2019un entretien entre la chanteuse et com\u00e9dienne Chlo\u00e9 Sainte-Marie et la po\u00e9tesse innue, Jos\u00e9phine Bacon.\u00a0","og_url":"https:\/\/presenceautochtone.ca\/archives\/2022\/programmation\/projection-a-la-rencontre-de-lhumanite-aidante\/","og_site_name":"Pr\u00e9sence Autochtone","article_modified_time":"2022-08-05T20:09:32+00:00","twitter_card":"summary_large_image","schema":{"@context":"https:\/\/schema.org","@graph":[{"@type":"WebPage","@id":"https:\/\/presenceautochtone.ca\/archives\/2022\/programmation\/projection-a-la-rencontre-de-lhumanite-aidante\/","url":"https:\/\/presenceautochtone.ca\/archives\/2022\/programmation\/projection-a-la-rencontre-de-lhumanite-aidante\/","name":"Projection: \u00c0 la rencontre de l'Humanit\u00e9 Aidante - Pr\u00e9sence Autochtone","isPartOf":{"@id":"https:\/\/presenceautochtone.ca\/archives\/2022\/#website"},"datePublished":"2022-07-26T00:36:24+00:00","dateModified":"2022-08-05T20:09:32+00:00","description":"Le Mus\u00e9e et le Festival international Pr\u00e9sence autochtone vous invite \u00e0 la projection d\u2019un entretien entre la chanteuse et com\u00e9dienne Chlo\u00e9 Sainte-Marie et la po\u00e9tesse innue, Jos\u00e9phine Bacon.\u00a0","breadcrumb":{"@id":"https:\/\/presenceautochtone.ca\/archives\/2022\/programmation\/projection-a-la-rencontre-de-lhumanite-aidante\/#breadcrumb"},"inLanguage":"fr-FR","potentialAction":[{"@type":"ReadAction","target":["https:\/\/presenceautochtone.ca\/archives\/2022\/programmation\/projection-a-la-rencontre-de-lhumanite-aidante\/"]}]},{"@type":"BreadcrumbList","@id":"https:\/\/presenceautochtone.ca\/archives\/2022\/programmation\/projection-a-la-rencontre-de-lhumanite-aidante\/#breadcrumb","itemListElement":[{"@type":"ListItem","position":1,"name":"Home","item":"https:\/\/presenceautochtone.ca\/archives\/2022\/"},{"@type":"ListItem","position":2,"name":"Projection: \u00c0 la rencontre de l&rsquo;Humanit\u00e9 Aidante"}]},{"@type":"WebSite","@id":"https:\/\/presenceautochtone.ca\/archives\/2022\/#website","url":"https:\/\/presenceautochtone.ca\/archives\/2022\/","name":"Pr\u00e9sence Autochtone","description":"","potentialAction":[{"@type":"SearchAction","target":{"@type":"EntryPoint","urlTemplate":"https:\/\/presenceautochtone.ca\/archives\/2022\/?s={search_term_string}"},"query-input":{"@type":"PropertyValueSpecification","valueRequired":true,"valueName":"search_term_string"}}],"inLanguage":"fr-FR"}]}},"_links":{"self":[{"href":"https:\/\/presenceautochtone.ca\/archives\/2022\/wp-json\/wp\/v2\/programmation\/3688","targetHints":{"allow":["GET"]}}],"collection":[{"href":"https:\/\/presenceautochtone.ca\/archives\/2022\/wp-json\/wp\/v2\/programmation"}],"about":[{"href":"https:\/\/presenceautochtone.ca\/archives\/2022\/wp-json\/wp\/v2\/types\/programmation"}],"version-history":[{"count":4,"href":"https:\/\/presenceautochtone.ca\/archives\/2022\/wp-json\/wp\/v2\/programmation\/3688\/revisions"}],"predecessor-version":[{"id":5513,"href":"https:\/\/presenceautochtone.ca\/archives\/2022\/wp-json\/wp\/v2\/programmation\/3688\/revisions\/5513"}],"wp:attachment":[{"href":"https:\/\/presenceautochtone.ca\/archives\/2022\/wp-json\/wp\/v2\/media?parent=3688"}],"wp:term":[{"taxonomy":"dates_programmation","embeddable":true,"href":"https:\/\/presenceautochtone.ca\/archives\/2022\/wp-json\/wp\/v2\/dates_programmation?post=3688"}],"curies":[{"name":"wp","href":"https:\/\/api.w.org\/{rel}","templated":true}]}}

Projection: À la rencontre de l&rsquo;Humanité Aidante

<!-- This site is optimized with the Yoast SEO plugin v27.4 - https://yoast.com/product/yoast-seo-wordpress/ -->
<title>Projection: À la rencontre de l&#039;Humanité Aidante - Présence Autochtone</title>
<meta name="description" content="Le Musée et le Festival international Présence autochtone vous invite à la projection d’un entretien entre la chanteuse et comédienne Chloé Sainte-Marie et la poétesse innue, Joséphine Bacon. " />
<meta name="robots" content="index, follow, max-snippet:-1, max-image-preview:large, max-video-preview:-1" />
<link rel="canonical" href="https://presenceautochtone.ca/archives/2022/programmation/projection-a-la-rencontre-de-lhumanite-aidante/" />
<meta property="og:locale" content="fr_FR" />
<meta property="og:type" content="article" />
<meta property="og:title" content="Projection: À la rencontre de l&#039;Humanité Aidante - Présence Autochtone" />
<meta property="og:description" content="Le Musée et le Festival international Présence autochtone vous invite à la projection d’un entretien entre la chanteuse et comédienne Chloé Sainte-Marie et la poétesse innue, Joséphine Bacon. " />
<meta property="og:url" content="https://presenceautochtone.ca/archives/2022/programmation/projection-a-la-rencontre-de-lhumanite-aidante/" />
<meta property="og:site_name" content="Présence Autochtone" />
<meta property="article:modified_time" content="2022-08-05T20:09:32+00:00" />
<meta name="twitter:card" content="summary_large_image" />
<script type="application/ld+json" class="yoast-schema-graph">{"@context":"https:\/\/schema.org","@graph":[{"@type":"WebPage","@id":"https:\/\/presenceautochtone.ca\/archives\/2022\/programmation\/projection-a-la-rencontre-de-lhumanite-aidante\/","url":"https:\/\/presenceautochtone.ca\/archives\/2022\/programmation\/projection-a-la-rencontre-de-lhumanite-aidante\/","name":"Projection: À la rencontre de l'Humanité Aidante - Présence Autochtone","isPartOf":{"@id":"https:\/\/presenceautochtone.ca\/archives\/2022\/#website"},"datePublished":"2022-07-26T00:36:24+00:00","dateModified":"2022-08-05T20:09:32+00:00","description":"Le Musée et le Festival international Présence autochtone vous invite à la projection d’un entretien entre la chanteuse et comédienne Chloé Sainte-Marie et la poétesse innue, Joséphine Bacon. ","breadcrumb":{"@id":"https:\/\/presenceautochtone.ca\/archives\/2022\/programmation\/projection-a-la-rencontre-de-lhumanite-aidante\/#breadcrumb"},"inLanguage":"fr-FR","potentialAction":[{"@type":"ReadAction","target":["https:\/\/presenceautochtone.ca\/archives\/2022\/programmation\/projection-a-la-rencontre-de-lhumanite-aidante\/"]}]},{"@type":"BreadcrumbList","@id":"https:\/\/presenceautochtone.ca\/archives\/2022\/programmation\/projection-a-la-rencontre-de-lhumanite-aidante\/#breadcrumb","itemListElement":[{"@type":"ListItem","position":1,"name":"Home","item":"https:\/\/presenceautochtone.ca\/archives\/2022\/"},{"@type":"ListItem","position":2,"name":"Projection: À la rencontre de l&rsquo;Humanité Aidante"}]},{"@type":"WebSite","@id":"https:\/\/presenceautochtone.ca\/archives\/2022\/#website","url":"https:\/\/presenceautochtone.ca\/archives\/2022\/","name":"Présence Autochtone","description":"","potentialAction":[{"@type":"SearchAction","target":{"@type":"EntryPoint","urlTemplate":"https:\/\/presenceautochtone.ca\/archives\/2022\/?s={search_term_string}"},"query-input":{"@type":"PropertyValueSpecification","valueRequired":true,"valueName":"search_term_string"}}],"inLanguage":"fr-FR"}]}</script>
<!-- / Yoast SEO plugin. -->

Projection: À la rencontre de l'Humanité Aidante - Présence Autochtone

Le Musée et le Festival international Présence autochtone vous invite à la projection d’un entretien entre la chanteuse et comédienne Chloé Sainte-Marie et la poétesse innue, Joséphine Bacon.

Présence Autochtone
